) = -16*o - 1. Let q(m) = -3*m. Let z(v) = 33*q(v) - 6*y(v). Suppose 10 = -2*a + 5*h, 5*h = a - 3*a + 30. Let f be (48/20)/(2/a). Give z(f).
-12
Let q be 44/20 + ((-42)/(-14))/(-15). Let v(t) be the third derivative of -7/24*t**4 + 0 + 1/6*t**3 + 0*t + 10*t**q. Determine v(-1).
8
Let u be -4*240/64 + 13. Let a(w) = -84*w - 154. Determine a(u).
14
Let v(t) be the second derivative of -t**5/20 + 2*t**4/3 + 3*t**3/2 - 2*t**2 - 9*t + 17. Determine v(9).
-4
Suppose -4*z + 17 + 9 = 2*r, r + 12 = 3*z. Let n(d) = -d + 1 - 3 + d**2 + z*d. Suppose 0 = -51*s - 7*s - 232. What is n(s)?
-2
Suppose -43*z + 212 = -39*z - 2*a, z = 4*a + 46. Let k(w) = w**3 - 55*w**2 + 55*w - 45. What is k(z)?
9
Let m(a) = -a**2 - 14*a + 47. Suppose -5258 = 11*o - 5027. Give m(o).
-100
Let w(h) = 3*h - 3*h + 3*h + 4*h + 1. Let d be w(1). Suppose 7 = d*z - 1. Let b(n) = -7*n. Determine b(z).
-7
Let s be 2*4*(-16)/(-32). Suppose -r - 15 = -3*f - s*r, f - 3*r - 1 = 0. Let b be (0 - f) + 6*1. Let g(y) = 3*y**2 - y - 1. What is g(b)?
9
Suppose 0 = -p - 2*p. Let l(m) be the third derivative of 42*m + 0*m**5 - 1/2*m**3 - 3*m**2 + 1/120*m**6 + 0*m**4 + 0. Give l(p).
-3
Suppose 135*u - 134*u - 15 = 0. Let f = -11 + u. Let t(b) = -b**2 + 0*b + 60 - 31 + f*b - 33. Determine t(4).
-4
Let p = -305 - -291. Let d(h) = -h**3 - 13*h**2 + 13*h + 1. Determine d(p).
15
Let i(m) be the second derivative of -3*m**5/10 - m**4/4 + 2*m**3/3 - 3*m**2/2 - 660*m. Give i(2).
-55
Let z(t) be the third derivative of t**5/60 - t**4/12 + t**3/6 + 16*t**2 - 6*t. Give z(-3).
16
Let k(n) = -9*n + 8. Let p(r) be the second derivative of 4*r**3/3 - 7*r**2/2 - 10*r. Let w = 68 - 74. Let c(m) = w*p(m) - 5*k(m). What is c(-3)?
11
Suppose 4*k + 516 - 528 = 0. Let v(j) = -9*j + 2. Let b(c) = 4*c - 1. Let z(p) = 7*b(p) + 3*v(p). Let o(r) = 1. Let l(m) = o(m) + z(m). Calculate l(k).
3
Let r = 84 + -75. Suppose r*q = -63 + 9. Let i(k) = 3*k + 5. Give i(q).
-13
Let i = 14116 + -14109. Let v(l) = l**3 - 9*l**2 + 6*l - 2. Calculate v(i).
-58
Let x(u) = -12*u - 16*u - 6*u - 4 - 15*u - 8*u**2 + 73*u. Give x(3).
-4
Let z be (7/(245/100))/((-82)/(-287)). Let x(v) = -v**2 + 8*v - 4. Let b(h) = 2*h**2 - 15*h + 7. Let t(w) = -2*b(w) - 5*x(w). Calculate t(z).
6
Let i(a) = 3*a + 3. Let x(s) = -s - 1. Let w(r) = -6*i(r) - 17*x(r). Let b(l) = l**2 - 3*l + 3. Let z(t) = b(t) + w(t). What is z(2)?
-2
Let s = 35 + -31. Suppose 2*q + w - 7 = -q, 0 = 3*q - s*w - 17. Suppose -l = -4 + 1, -2*z - 19 = -q*l. Let k(j) = -j**2 - 6*j + 6. Determine k(z).
11
Let u(k) = -2*k + 18. Let a(s) = 17*s + 58. Let r(n) = a(n) + 6*u(n). Give r(-27).
31
Let k(z) be the second derivative of z**3/6 + 3*z**2/2 - 2*z. Let y = 392 + -1202. Let t = y - -806. Determine k(t).
-1
Let v(u) = -4*u**2 - 19*u - 3. Let j = -12516 + 12511. What is v(j)?
-8
Let o(t) = 13*t**3 - t**2. Let v(u) = -u**2 - 9*u + 254. Let z be v(-21). Suppose 0 = 5*x + 4*a - 9, 7*a - 9 = -4*x + z*a. Calculate o(x).
12
Suppose -10*q = 53*q + 1197. Let k(v) = 3*v**2 + 61*v + 75. What is k(q)?
-1
Let u(h) be the second derivative of -h**3/6 + h**2/2 - 3*h. Let i be (25*8/24)/((-2)/(-6)). Suppose -b = i - 17. What is u(b)?
9
Let p(t) = -13*t + 54 - 98*t**2 + 91*t**2 - 25*t + 5*t**2. Give p(-20).
14
Let v(w) be the third derivative of 0*w**3 + 1/180*w**6 + 0 + 1/24*w**5 + 0*w - 10*w**2 - w**4. Let z(t) be the second derivative of v(t). Determine z(-4).
-11
Let r(g) = 9*g - 3*g - 2*g + 2 - g**2 + 2*g**2. Suppose 2070*w = 2095*w + 75. Give r(w).
-1
Let t(h) be the third derivative of -h**5/15 - h**4/12 + 2*h**3/3 - 81*h**2. Let l be t(2). Let f(c) = c + 20. Determine f(l).
4
Let g(t) = -23*t - 12. Let m(q) = 25*q + 12. Let k(n) = 7*g(n) + 6*m(n). Let z(h) = -12*h - 16. Let d(j) = -4*k(j) + 3*z(j). Give d(1).
8
Let d(r) = -30 - 52 + 5*r - 3 + 38 - 56. What is d(22)?
7
Let x(p) = p**3 - 4*p**2 - 11*p + 14. Let s = 3376 + -3370. Determine x(s).
20
Let f(j) be the second derivative of -j**4/12 - 11*j**3/3 - 89*j**2/2 + 1892*j + 1. Give f(-6).
7
Let x be 94/24 + 91/1092. Let y(w) = -w**3 + 5*w**2 - 9. Determine y(x).
7
Let t(w) be the second derivative of -w**5/20 - w**4/12 + 7*w**3/6 + 15*w**2/2 + 46*w + 2. Let g(q) = -3*q - 1. Let z(u) = -2*g(u) - t(u). What is z(0)?
-13
Suppose -4*v + 130 + 42 = 0. Suppose 4*k = -2*a - 3*a + 299, a - v = -5*k. Let c = 68 - a. Let o(u) = 2*u - 6. Give o(c).
4
Let x(h) = -4*h - 24. Let r be x(-6). Let d(y) = y**3 - 2*y**2 - y. Let m be d(r). Let o be m*2/(-4) + (0 - 0). Let c(n) = -n + 15. Calculate c(o).
15
Suppose -5*s + 3*j = -4, 7*j - 12*j = 5*s - 20. Let g(k) = k**2 + 3*k - 6. Determine g(s).
4
Let c = 1192 - 1196. Let d(h) = h**3 + 4*h**2 + 2*h - 4. Determine d(c).
-12
Let y(k) = 23*k - 17. Suppose 27*r + 2 = 28*r. Give y(r).
29
Let h(r) = -r**2 - 109*r - 1714. Let y be h(-19). Let a(j) = -j**3 - 6*j**2 - 7*j - 4. Calculate a(y).
-8
Let a(i) = i**3 + 10*i**2 - 12*i - 10. Let q(y) = -7*y - 4. Let s be q(1). Determine a(s).
1
Suppose 3 + 2 = z, -2*u - 3*z = -21. Let o(d) = -d**2 + d**3 - 5*d**3 + 3 + u*d**3. Let l = -1008 + 1008. Determine o(l).
3
Let o(l) be the second derivative of 1/6*l**3 - 10 - l**2 + 1/12*l**4 - 3*l. Calculate o(0).
-2
Suppose -8472*r - 42 = -8451*r. Let s(u) be the second derivative of -u**4/12 + u**3/2 + u**2/2 - u. What is s(r)?
-9
Suppose -20*c = -11545 + 11865. Let w(a) = 6*a + 67. Give w(c).
-29
Let p(f) = f**2 - 7*f + 4. Let c be p(6). Let q(g) be the first derivative of -7*g**2/2 - 3*g + 25. Determine q(c).
11
Let d(p) = -1403 - 6*p - 9*p + 2812 - 1408. Let f(y) = 2*y - 1. Let g be (-2)/(-5) - 7/5. Let x(i) = g*d(i) - 4*f(i). Determine x(-3).
-18
Suppose -40 = -3*a - 2*a + 5*s, 4*s + 41 = 5*a. Let m(w) = 1 + a*w**2 + 4 + 2 + 9*w - 8*w**2. Determine m(-8).
-1
Let w(q) = 14 + 100*q - 37*q - 28*q + 17*q - 36*q. What is w(-2)?
-18
Let t(u) = u - 1. Let s(n) = n + 8. Let h be s(-6). Suppose 2*q - 5*i - 15 = -2, 10 = 3*q + h*i. Suppose -k - q + 0 = 0. Calculate t(k).
-5
Let s(h) = h**2 - 2*h - 4. Suppose -r = 5*j - 23, 7*r = 2*j + 11*r - 2. Suppose 5*y + 19 = -4*v + 3*v, j*v + y = -23. Determine s(v).
20
Suppose 2 = 2*k, -2*k + 6 = 4*c + 24. Let t(l) = -5*l**3 - 5*l**2 - 19*l - 2. Let h(p) = 5*p**3 + 4*p**2 + 16*p + 2. Let a(v) = c*t(v) - 6*h(v). What is a(-1)?
5
Suppose 18 = -2*t + 5*l, 4*t = 3*l + 5 - 41. Let g(q) = 25*q**2 + 9*q + 4. Let z(f) = -33*f**2 - 9*f - 4. Let a(o) = -4*g(o) - 3*z(o). Determine a(t).
-4
Let t(q) be the second derivative of -q**5/20 - 7*q**4/12 - 23*q**3/6 - 18*q**2 + 1310*q. Calculate t(-3).
-3
Let l(d) be the third derivative of 5/6*d**3 - 1/60*d**5 + 0*d**4 + 0*d - d**2 + 0. Let z = -78196 + 78192. Give l(z).
-11
Let h(c) = -2*c - 19. Let l(d) = d + 9. Let t(o) = -4*h(o) - 9*l(o). Let x be ((-4935)/28)/(-47)*(-8)/(-5). Give t(x).
-11
Let v = -23198 - -23200. Let w(y) = 7*y**2 - 3*y - 8. Give w(v).
14
Suppose -12*o + 17*o = 10. Let h(p) be the first derivative of p**o - 16*p - 11 + 12*p - 1. Calculate h(5).
6
Let o = 334 - 329. Let b be (-2*1)/(16/(-40)). Let m(c) = 4*c + 5. Let x(s) = -3*s - 6. Let p(y) = b*x(y) + 4*m(y). Determine p(o).
-5
Let k(u) = -708*u + 237*u + 5 + 231*u + 234*u. Let q be (-18)/30 - (-26)/10. Calculate k(q).
-7
Let k = -8 - -10. Suppose k*d + b = -b - 16, -4*b + 22 = -5*d. Let a(j) = 218*j**2 - 5*j - 219*j**2 - 4 + 6. Calculate a(d).
-4
Let t(a) = 13*a + 44. Let u be t(12). Let n(h) = -2 - u*h + 399*h - 4 - 200*h. Determine n(-7).
1
Let a(v) be the third derivative of 18 + 43/6*v**3 - 1/6*v**4 + 2*v**2 + 0*v. Let w be a(10). Let j(q) = q**3 - 2*q**2 - 4*q + 2. Calculate j(w).
-1
Let f = -43 - -37. Let j(q) be the second derivative of -q**4/12 - 7*q**3/6 + q**2/2 + 4*q - 477. Give j(f).
7
Let o(h) = 4 - 11*h + 7 - 1 + h**2. Suppose -5*z - 2*l = -53, 0 = 2*z - l - 61 + 47. Determine o(z).
-8
Let p(u) = -47*u**3 - 16*u**2 - 46*u - 63. Let w(v) = 39*v**3 + 17*v**2 + 46*v + 62. Let x(r) = -5*p(r) - 6*w(r). Give x(24).
-9
Suppose 0 - 4 = k. Let t(g) = -3*g - 1. Let o be (-4 - (8 + -13))*(-1 - -2). Let f(w) = 17*w + 6. Let b(d) = o*f(d) + 6*t(d). Give b(k).
4
Let m(p) be the first derivative of -2*p**2 - 5*p + 486. Give m(11).
-49
Suppose -46*v = 38*v + 1176. Let z(t) = t**3 + 14*t**2 - 5*t - 72. Calculate z(v).
-2
Let b = 147 + -137. Suppose 0 = -b*a - 5*a - 45. Let o(l) = 10*l - 1. Let j(c) =